eds digit of 9723?
7
What is the thousands digit of 80391?
0
What is the ten thousands digit of 13790?
1
What is the thousands digit of 1733?
1
What is the tens digit of 1335?
3
What is the units digit of 65019?
9
What is the units digit of 2196?
6
What is the thousands digit of 8161?
8
What is the ten thousands digit of 21188?
2
What is the units digit of 7665?
5
What is the hundreds digit of 816?
8
What is the ten thousands digit of 17756?
1
What is the tens digit of 148067?
6
What is the tens digit of 2161?
6
What is the thousands digit of 20197?
0
What is the thousands digit of 104579?
4
What is the hundred thousands digit of 107322?
1
What is the tens digit of 3234?
3
What is the thousands digit of 2809?
2
What is the hundreds digit of 8561?
5
What is the thousands digit of 23589?
3
What is the hundreds digit of 1258?
2
What is the tens digit of 74055?
5
What is the units digit of 3309?
9
What is the tens digit of 41805?
0
What is the tens digit of 999?
9
What is the ten thousands digit of 10899?
1
What is the hundreds digit of 27554?
5
What is the tens digit of 3072?
7
What is the thousands digit of 1545?
1
What is the hundreds digit of 1723?
7
What is the units digit of 36460?
0
What is the units digit of 4142?
2
What is the units digit of 30741?
1
What is the ten thousands digit of 15949?
1
What is the units digit of 10040?
0
What is the thousands digit of 11605?
1
What is the tens digit of 27047?
4
What is the tens digit of 62961?
6
What is the tens digit of 689?
8
What is the units digit of 43691?
1
What is the tens digit of 18520?
2
What is the tens digit of 1316?
1
What is the units digit of 2579?
9
What is the hundreds digit of 5840?
8
What is the thousands digit of 50812?
0
What is the units digit of 493?
3
What is the tens digit of 582?
8
What is the hundreds digit of 871?
8
What is the thousands digit of 9611?
9
What is the hundreds digit of 205?
2
What is the hundreds digit of 44260?
2
What is the thousands digit of 10619?
0
What is the units digit of 25741?
1
What is the units digit of 584?
4
What is the tens digit of 1183?
8
What is the units digit of 570?
0
What is the tens digit of 945?
4
What is the hundreds digit of 4555?
5
What is the hundreds digit of 8479?
4
What is the units digit of 78831?
1
What is the units digit of 2997?
7
What is the hundreds digit of 801?
8
What is the units digit of 1013?
3
What is the ten thousands digit of 45180?
4
What is the units digit of 53899?
9
What is the tens digit of 9397?
9
What is the thousands digit of 7391?
7
What is the units digit of 16145?
5
What is the hundreds digit of 463?
4
What is the ten thousands digit of 14655?
1
What is the tens digit of 6444?
4
What is the hundreds digit of 6208?
2
What is the ten thousands digit of 24874?
2
What is the thousands digit of 1017?
1
What is the hundreds digit of 14538?
5
What is the tens digit of 3483?
8
What is the thousands digit of 3886?
3
What is the hundreds digit of 4985?
9
What is the hundreds digit of 1089?
0
What is the units digit of 179770?
0
What is the units digit of 4241?
1
What is the hundreds digit of 4578?
5
What is the hundred thousands digit of 162665?
1
What is the units digit of 9?
9
What is the hundreds digit of 2797?
7
What is the tens digit of 10605?
0
What is the tens digit of 963?
6
What is the tens digit of 240?
4
What is the tens digit of 17680?
8
What is the hundreds digit of 12508?
5
What is the ten thousands digit of 35380?
3
What is the hundreds digit of 8384?
3
What is the units digit of 20722?
2
What is the ten thousands digit of 15170?
1
What is the hundreds digit of 48581?
5
What is the units digit of 22167?
7
What is the units digit of 8311?
1
What is the units digit of 17265?
5
What is the tens digit of 2657?
5
What is the hundreds digit of 623?
6
What is the tens digit of 140406?
0
What is the ten thousands digit of 71932?
7
What is the units digit of 14699?
9
What is the tens digit of 383?
8
What is the tens digit of 1285?
8
What is the hundreds digit of 11214?
2
What is the thousands digit of 35428?
5
What is the tens digit of 6347?
4
What is the tens digit of 18902?
0
What is the tens digit of 14424?
2
What is the hundreds digit of 5071?
0
What is the tens digit of 2662?
6
What is the thousands digit of 1945?
1
What is the units digit of 15595?
5
What is the thousands digit of 1135?
1
What is the hundreds digit of 952?
9
What is the thousands digit of 8344?
8
What is the tens digit of 1842?
4
What is the thousands digit of 9560?
9
What is the hundreds digit of 4541?
5
What is the units digit of 1237?
7
What is the hundreds digit of 3750?
7
What is the thousands digit of 3764?
3
What is the hundreds digit of 1297?
2
What is the hundreds digit of 5932?
9
What is the units digit of 357?
7
What is the tens digit of 64045?
4
What is the hundreds digit of 1853?
8
What is the hundreds digit of 7818?
8
What is the hundreds digit of 1127?
1
What is the tens digit of 742?
4
What is the units digit of 163841?
1
What is the tens digit of 82?
8
What is the units digit of 3488?
8
What is the tens digit of 4786?
8
What is the hundreds digit of 1101?
1
What is the tens digit of 936?
3
What is the tens digit of 314?
1
What is the hundreds digit of 200?
2
What is the thousands digit of 2301?
2
What is the units digit of 1116?
6
What is the tens digit of 8991?
9
What is the hundreds digit of 10406?
4
What is the thousands digit of 41291?
1
What is the thousands digit of 7769?
7
What is the units digit of 10565?
5
What is the ten thousands digit of 29489?
2
What is the hundreds digit of 70843?
8
What is the units digit of 240?
0
What is the hundreds digit of 19875?
8
What is the tens digit of 7410?
1
What is the hundreds digit of 4775?
7
What is the units digit of 75947?
7
What is the hundreds digit of 1320?
3
What is the units digit of 810?
0
What is the tens digit of 2656?
5
What is the ten thousands digit of 36981?
3
What is the hundreds digit of 2305?
3
What is the units digit of 854?
4
What is the hundreds digit of 1649?
6
What is the tens digit of 20?
2
What is the thousands digit of 3790?
3
What is the units digit of 1654?
4
What is the tens digit of 7244?
4
What is the ten thousands digit of 11719?
1
What is the tens digit of 4346?
4
What is the units digit of 5531?
1
What is the tens digit of 5332?
3
What is the units digit of 208?
8
What is the thousands digit of 44566?
4
What is the units digit of 3721?
1
What is the units digit of 10036?
6
What is the hundreds digit of 5306?
3
What is the tens digit of 2414?
1
What is the tens digit of 48474?
7
What is the thousands digit of 1048?
1
What is the tens digit of 35865?
6
What is the ten thousands digit of 36767?
3
What is the tens digit of 1901?
0
What is the units digit of 44398?
8
What is the hundreds digit of 162008?
0
What is the hundreds digit of 1053?
0
What is the tens digit of 506?
0
What is the units digit of 36214?
4
What is the units digit of 748?
8
What is the tens digit of 430?
3
What is the hundreds digit of 601?
6
What is the units digit of 20702?
2
What is the tens digit of 3851?
5
What is the units digit of 58546?
6
What is the thousands digit of 118777?
8
What is the units digit of 5247?
7
What is the tens digit of 90?
9
What is the hundreds digit of 4085?
0
What is the units digit of 27211?
1
What is the tens digit of 1582?
8
What is the tens digit of 49948?
4
What is the thousands digit of 72734?
2
What is the hundreds digit of 705?
7
What is the thousands digit of 5175?
5
What is the units digit of 624?
4
What is the units digit of 4359?
9
What is the hundreds digit of 8425?
4
What is the units digit of 1036?
6
What is the hundreds digit of 3233?
2
What is the ten thousands digit of 35790?
3
What is the units digit of 58?
8
What is the ten thousands digit of 91102?
9
What is the tens digit of 216?
1
What is the hundreds digit of 580?
5
What is the hundreds digit of 323?
3
What is the units digit of 561?
1
What is the units digit of 17123?
3
What is the ten thousands digit of 26328?
2
What is the thousands digit of 5414?
5
What is the units digit of 539?
9
What is the hundreds digit of 1121?
1
What is the thousands digit of 5917?
5
What is the hundreds digit of 383?
3
What is the ten thousands digit of 23373?
2
What is the hundreds